{"id":53,"date":"2026-05-10T19:58:54","date_gmt":"2026-05-10T19:58:54","guid":{"rendered":"https:\/\/budynosmakumickiewicza.pl\/?page_id=53"},"modified":"2026-05-10T19:58:54","modified_gmt":"2026-05-10T19:58:54","slug":"teledysk","status":"publish","type":"page","link":"https:\/\/budynosmakumickiewicza.pl\/index.php\/teledysk\/","title":{"rendered":"Teledysk"},"content":{"rendered":"\n<figure class=\"wp-block-embed is-type-video is-provider-youtube wp-block-embed-youtube wp-embed-aspect-16-9 wp-has-aspect-ratio\"><div class=\"wp-block-embed__wrapper\">\n<iframe loading=\"lazy\" title=\"Pierwiosnek | Nikola Ko\u0142odziejczyk Orchestra feat. Tomasz Organek\" width=\"920\" height=\"518\" src=\"https:\/\/www.youtube.com\/embed\/6qEOPHyiT2U?feature=oembed\" frameborder=\"0\" allow=\"accelerometer; autoplay; clipboard-write; encrypted-media; gyroscope; picture-in-picture; web-share\" referrerpolicy=\"strict-origin-when-cross-origin\" allowfullscreen><\/iframe>\n<\/div><\/figure>\n\n\n\n<p>S\u0142uchaj w streamingu: <a href=\"https:\/\/www.youtube.com\/redirect?event=video_description&amp;redir_token=QUFFLUhqbGNjLVJmTjdObjBkOG4zb290X2J3LUNJZlExQXxBQ3Jtc0trVXViYkNPVi1DMjR6aWJOOENIT2t0OG0xeVF1ZDhYVnVvaXJ6dXA1eWZaay1RQnhvaEJjeUQ5N2xqWTlWT2hNV1ZGNk5xX0lCVDQ5YVllb09XVnNxS19vUFk0NTJhTE1jUEJrRFM2bGdzUDVTQ2JUYw&amp;q=https%3A%2F%2Fadm.ffm.to%2Fpierwiosnek&amp;v=6qEOPHyiT2U\" target=\"_blank\" rel=\"noreferrer noopener\">https:\/\/adm.ffm.to\/pierwiosnek<\/a> <\/p>\n\n\n\n<p>\u201ePierwiosnek\u201d | Nikola Ko\u0142odziejczyk Orchestra feat. Tomasz Organek <\/p>\n\n\n\n<p>Tekst: Jacek \u201eBudy\u0144\u201d Szymkiewicz<\/p>\n\n\n\n<p> Muzyka: Nikola Ko\u0142odziejczyk<\/p>\n\n\n\n<p> G\u0142os: Tomasz Organek <\/p>\n\n\n\n<p>Nikola Ko\u0142odziejczyk Orchestra <\/p>\n\n\n\n<p>Wyst\u0105pili: Maciek Starnawski Julia \u0141owi\u0144ska Tomasz Organek <\/p>\n\n\n\n<p>Wideo w re\u017cyserii Igi Pop <\/p>\n\n\n\n<p>Monta\u017c: Bartek Czacha Czachorowski <\/p>\n\n\n\n<p>Sprz\u0119t kamerowy: Bartosz \u0141ach <\/p>\n\n\n\n<p>Nikola Ko\u0142odziejczyk Orchestra: Nikola Ko\u0142odziejczyk &#8211; piano, dyrygent, ch\u00f3rek Tomasz Organek &#8211; wokal Natalia Grosiak &#8211; ch\u00f3rek Maciej Starnawski &#8211; ch\u00f3rek, gitara akustyczna, gitara elektryczna Agnieszka Kiepuszewska &#8211; ch\u00f3rek, piano Jan Krzeszowiec &#8211; flet, flet altowy Robert Wypasek &#8211; saksofon sopranowy i tenorowy Tomasz \u017bym\u0142a &#8211; klarnet basowy Adam J\u0119drysik &#8211; gitara elektryczna Andrzej Imierowicz &#8211; gitara elektryczna Cyprian Baszy\u0144ski &#8211; tr\u0105bka Mateusz Feli\u0144ski &#8211; waltornia Mateusz Mendyka &#8211; puzon basowy Bartek Pieszka &#8211; wibrafon Maciej Szczyci\u0144ski &#8211; kontrabas Mi\u0142osz Berdzik &#8211; perkusja Micha\u0142 P\u0119kosz &#8211; handpany i perkusjonalia <\/p>\n\n\n\n<p>Realizacja nagrania: Mateusz So\u0142tysik | MS Acoustics <\/p>\n\n\n\n<p>Mix\/Mastering: B\u0142a\u017cej Doma\u0144ski | Studio 7 Piaseczno <\/p>\n\n\n\n<p>Archiwalne zdj\u0119cia Warszawy dzi\u0119ki uprzejmo\u015bci Bartka Czachorowskiego <\/p>\n\n\n\n<p>Koncertowe materia\u0142y wideo oraz Behind the Scenes: Delikatesy Filmowe <\/p>\n\n\n\n<p>Producenci: Nikola Ko\u0142odziejczyk i Agnieszka Kiepuszewska <\/p>\n\n\n\n<p>Podzi\u0119kowania dla Karoliny Linkiewicz, Piramida Film i RedHead<\/p>\n","protected":false},"excerpt":{"rendered":"<p>S\u0142uchaj w streamingu: https:\/\/adm.ffm.to\/pierwiosnek \u201ePierwiosnek\u201d | Nikola Ko\u0142odziejczyk Orchestra feat. Tomasz Organek Tekst: Jacek \u201eBudy\u0144\u201d Szymkiewicz Muzyka: Nikola Ko\u0142odziejczyk G\u0142os:<\/p>\n<p><span class=\"more-link\"><a href=\"https:\/\/budynosmakumickiewicza.pl\/index.php\/teledysk\/\" class=\"readmore\">Continue reading<span class=\"screen-reader-text\">Teledysk<\/span><\/a><\/span><\/p>\n","protected":false},"author":1,"featured_media":0,"parent":0,"menu_order":0,"comment_status":"closed","ping_status":"closed","template":"","meta":{"footnotes":""},"class_list":["post-53","page","type-page","status-publish","hentry"],"_links":{"self":[{"href":"https:\/\/budynosmakumickiewicza.pl\/index.php\/wp-json\/wp\/v2\/pages\/53","targetHints":{"allow":["GET"]}}],"collection":[{"href":"https:\/\/budynosmakumickiewicza.pl\/index.php\/wp-json\/wp\/v2\/pages"}],"about":[{"href":"https:\/\/budynosmakumickiewicza.pl\/index.php\/wp-json\/wp\/v2\/types\/page"}],"author":[{"embeddable":true,"href":"https:\/\/budynosmakumickiewicza.pl\/index.php\/wp-json\/wp\/v2\/users\/1"}],"replies":[{"embeddable":true,"href":"https:\/\/budynosmakumickiewicza.pl\/index.php\/wp-json\/wp\/v2\/comments?post=53"}],"version-history":[{"count":1,"href":"https:\/\/budynosmakumickiewicza.pl\/index.php\/wp-json\/wp\/v2\/pages\/53\/revisions"}],"predecessor-version":[{"id":54,"href":"https:\/\/budynosmakumickiewicza.pl\/index.php\/wp-json\/wp\/v2\/pages\/53\/revisions\/54"}],"wp:attachment":[{"href":"https:\/\/budynosmakumickiewicza.pl\/index.php\/wp-json\/wp\/v2\/media?parent=53"}],"curies":[{"name":"wp","href":"https:\/\/api.w.org\/{rel}","templated":true}]}}